{"id":176,"date":"2025-03-01T06:23:50","date_gmt":"2025-03-01T06:23:50","guid":{"rendered":"https:\/\/furtherkingdom.hashcyber.website\/?page_id=176"},"modified":"2025-03-01T06:24:19","modified_gmt":"2025-03-01T06:24:19","slug":"politique-de-confidentialite","status":"publish","type":"page","link":"https:\/\/sarahdigitalimpact.com\/index.php\/politique-de-confidentialite\/","title":{"rendered":"Politique de confidentialit\u00e9"},"content":{"rendered":"\t\t<div data-elementor-type=\"wp-page\" data-elementor-id=\"176\" class=\"elementor elementor-176\" data-elementor-post-type=\"page\">\n\t\t\t\t<div class=\"elementor-element elementor-element-a58e4e5 e-flex e-con-boxed e-con e-parent\" data-id=\"a58e4e5\" data-element_type=\"container\">\n\t\t\t\t\t<div class=\"e-con-inner\">\n\t\t\t\t<div class=\"elementor-element elementor-element-cf09222 elementor-widget elementor-widget-heading\" data-id=\"cf09222\" data-element_type=\"widget\" data-widget_type=\"heading.default\">\n\t\t\t\t<div class=\"elementor-widget-container\">\n\t\t\t\t\t<h2 class=\"elementor-heading-title elementor-size-default\">Politique de confidentialit\u00e9<\/h2>\t\t\t\t<\/div>\n\t\t\t\t<\/div>\n\t\t\t\t<div class=\"elementor-element elementor-element-7438203 elementor-widget elementor-widget-text-editor\" data-id=\"7438203\" data-element_type=\"widget\" data-widget_type=\"text-editor.default\">\n\t\t\t\t<div class=\"elementor-widget-container\">\n\t\t\t\t\t\t\t\t\t<p data-start=\"867\" data-end=\"905\">Derni\u00e8re mise \u00e0 jour : 1er mars 2025<\/p><p data-start=\"907\" data-end=\"1085\">Nous attachons une grande importance \u00e0 la confidentialit\u00e9 de vos donn\u00e9es personnelles. Cette politique d\u00e9crit comment nous collectons, utilisons et prot\u00e9geons vos informations.<\/p><p data-start=\"1087\" data-end=\"1329\">Nous collectons uniquement les donn\u00e9es n\u00e9cessaires \u00e0 l\u2019am\u00e9lioration de nos services et \u00e0 la gestion de votre exp\u00e9rience utilisateur. Ces donn\u00e9es ne sont ni vendues ni partag\u00e9es avec des tiers sans votre consentement, sauf obligation l\u00e9gale.<\/p><p data-start=\"1331\" data-end=\"1521\">Vous disposez d\u2019un droit d\u2019acc\u00e8s, de modification et de suppression de vos donn\u00e9es personnelles. Pour exercer ces droits, veuillez consulter notre page de contact et remplir le formulaire.<\/p><p data-start=\"1523\" data-end=\"1662\">Nous nous r\u00e9servons le droit de modifier cette politique de confidentialit\u00e9 \u00e0 tout moment. Les changements seront publi\u00e9s sur cette page.<\/p>\t\t\t\t\t\t\t\t<\/div>\n\t\t\t\t<\/div>\n\t\t\t\t\t<\/div>\n\t\t\t\t<\/div>\n\t\t\t\t<\/div>\n\t\t","protected":false},"excerpt":{"rendered":"<p>Derni\u00e8re mise \u00e0 jour : 1er mars 2025 Nous attachons une grande importance \u00e0 la confidentialit\u00e9 de vos donn\u00e9es personnelles. Cette politique d\u00e9crit comment nous collectons, utilisons et prot\u00e9geons vos informations. Nous collectons uniquement les donn\u00e9es n\u00e9cessaires \u00e0 l\u2019am\u00e9lioration de nos services et \u00e0 la gestion de votre exp\u00e9rience utilisateur. Ces donn\u00e9es ne sont ni [&hellip;]<\/p>\n","protected":false},"author":1,"featured_media":0,"parent":0,"menu_order":0,"comment_status":"closed","ping_status":"closed","template":"","meta":{"footnotes":""},"class_list":["post-176","page","type-page","status-publish","hentry"],"_links":{"self":[{"href":"https:\/\/sarahdigitalimpact.com\/index.php\/wp-json\/wp\/v2\/pages\/176","targetHints":{"allow":["GET"]}}],"collection":[{"href":"https:\/\/sarahdigitalimpact.com\/index.php\/wp-json\/wp\/v2\/pages"}],"about":[{"href":"https:\/\/sarahdigitalimpact.com\/index.php\/wp-json\/wp\/v2\/types\/page"}],"author":[{"embeddable":true,"href":"https:\/\/sarahdigitalimpact.com\/index.php\/wp-json\/wp\/v2\/users\/1"}],"replies":[{"embeddable":true,"href":"https:\/\/sarahdigitalimpact.com\/index.php\/wp-json\/wp\/v2\/comments?post=176"}],"version-history":[{"count":4,"href":"https:\/\/sarahdigitalimpact.com\/index.php\/wp-json\/wp\/v2\/pages\/176\/revisions"}],"predecessor-version":[{"id":180,"href":"https:\/\/sarahdigitalimpact.com\/index.php\/wp-json\/wp\/v2\/pages\/176\/revisions\/180"}],"wp:attachment":[{"href":"https:\/\/sarahdigitalimpact.com\/index.php\/wp-json\/wp\/v2\/media?parent=176"}],"curies":[{"name":"wp","href":"https:\/\/api.w.org\/{rel}","templated":true}]}}