{"id":171,"date":"2025-03-01T06:21:40","date_gmt":"2025-03-01T06:21:40","guid":{"rendered":"https:\/\/furtherkingdom.hashcyber.website\/?page_id=171"},"modified":"2025-03-01T06:23:18","modified_gmt":"2025-03-01T06:23:18","slug":"conditions-dutilisation","status":"publish","type":"page","link":"https:\/\/sarahdigitalimpact.com\/index.php\/conditions-dutilisation\/","title":{"rendered":"Conditions d&#8217;utilisation"},"content":{"rendered":"\t\t<div data-elementor-type=\"wp-page\" data-elementor-id=\"171\" class=\"elementor elementor-171\" data-elementor-post-type=\"page\">\n\t\t\t\t<div class=\"elementor-element elementor-element-6e6aae3 e-flex e-con-boxed e-con e-parent\" data-id=\"6e6aae3\" data-element_type=\"container\">\n\t\t\t\t\t<div class=\"e-con-inner\">\n\t\t\t\t<div class=\"elementor-element elementor-element-2be221e elementor-widget elementor-widget-heading\" data-id=\"2be221e\" data-element_type=\"widget\" data-widget_type=\"heading.default\">\n\t\t\t\t<div class=\"elementor-widget-container\">\n\t\t\t\t\t<h2 class=\"elementor-heading-title elementor-size-default\">Conditions d&#8217;utilisation<\/h2>\t\t\t\t<\/div>\n\t\t\t\t<\/div>\n\t\t\t\t<div class=\"elementor-element elementor-element-361b181 elementor-widget elementor-widget-text-editor\" data-id=\"361b181\" data-element_type=\"widget\" data-widget_type=\"text-editor.default\">\n\t\t\t\t<div class=\"elementor-widget-container\">\n\t\t\t\t\t\t\t\t\t<p data-start=\"47\" data-end=\"85\">Derni\u00e8re mise \u00e0 jour : 1er mars 2025<\/p><p data-start=\"87\" data-end=\"247\">En acc\u00e9dant \u00e0 ce site web, vous acceptez les pr\u00e9sentes conditions d&#8217;utilisation. L&#8217;utilisation de ce site est soumise aux lois et r\u00e9glementations applicables.<\/p><p data-start=\"249\" data-end=\"550\">L&#8217;utilisation de ce site \u00e0 des fins ill\u00e9gales ou interdites est strictement interdite. Vous acceptez de ne pas perturber, endommager ou compromettre l&#8217;int\u00e9grit\u00e9 du site. Tout contenu publi\u00e9 sur ce site est prot\u00e9g\u00e9 par des droits de propri\u00e9t\u00e9 intellectuelle et ne peut \u00eatre utilis\u00e9 sans autorisation.<\/p><p data-start=\"552\" data-end=\"689\">Nous nous r\u00e9servons le droit de modifier ces conditions \u00e0 tout moment. Toute modification prendra effet d\u00e8s sa publication sur le site.<\/p><p data-start=\"691\" data-end=\"805\">Pour toute question ou demande d&#8217;information, veuillez consulter notre page de contact et remplir le formulaire.<\/p>\t\t\t\t\t\t\t\t<\/div>\n\t\t\t\t<\/div>\n\t\t\t\t\t<\/div>\n\t\t\t\t<\/div>\n\t\t\t\t<\/div>\n\t\t","protected":false},"excerpt":{"rendered":"<p>Derni\u00e8re mise \u00e0 jour : 1er mars 2025 En acc\u00e9dant \u00e0 ce site web, vous acceptez les pr\u00e9sentes conditions d&#8217;utilisation. L&#8217;utilisation de ce site est soumise aux lois et r\u00e9glementations applicables. L&#8217;utilisation de ce site \u00e0 des fins ill\u00e9gales ou interdites est strictement interdite. Vous acceptez de ne pas perturber, endommager ou compromettre l&#8217;int\u00e9grit\u00e9 du [&hellip;]<\/p>\n","protected":false},"author":1,"featured_media":0,"parent":0,"menu_order":0,"comment_status":"closed","ping_status":"closed","template":"","meta":{"footnotes":""},"class_list":["post-171","page","type-page","status-publish","hentry"],"_links":{"self":[{"href":"https:\/\/sarahdigitalimpact.com\/index.php\/wp-json\/wp\/v2\/pages\/171","targetHints":{"allow":["GET"]}}],"collection":[{"href":"https:\/\/sarahdigitalimpact.com\/index.php\/wp-json\/wp\/v2\/pages"}],"about":[{"href":"https:\/\/sarahdigitalimpact.com\/index.php\/wp-json\/wp\/v2\/types\/page"}],"author":[{"embeddable":true,"href":"https:\/\/sarahdigitalimpact.com\/index.php\/wp-json\/wp\/v2\/users\/1"}],"replies":[{"embeddable":true,"href":"https:\/\/sarahdigitalimpact.com\/index.php\/wp-json\/wp\/v2\/comments?post=171"}],"version-history":[{"count":4,"href":"https:\/\/sarahdigitalimpact.com\/index.php\/wp-json\/wp\/v2\/pages\/171\/revisions"}],"predecessor-version":[{"id":175,"href":"https:\/\/sarahdigitalimpact.com\/index.php\/wp-json\/wp\/v2\/pages\/171\/revisions\/175"}],"wp:attachment":[{"href":"https:\/\/sarahdigitalimpact.com\/index.php\/wp-json\/wp\/v2\/media?parent=171"}],"curies":[{"name":"wp","href":"https:\/\/api.w.org\/{rel}","templated":true}]}}